vert 620 (base 10) to base 7.
1544
-6724 (base 15) to base 11
-15472
Convert 9c6 (base 13) to base 14.
883
What is 12257 (base 8) in base 11?
3a84
What is -220120 (base 3) in base 6?
-3023
Convert 1101000001010 (base 2) to base 5.
203131
What is -272 (base 11) in base 5?
-2241
What is -11350 (base 7) in base 8?
-5556
What is 8c66 (base 15) in base 8?
72144
Convert 5100 (base 13) to base 6.
123350
-7036 (base 12) to base 2
-10111101101010
What is -1ad5 (base 16) in base 9?
-10372
What is -6b8 (base 14) in base 12?
-936
Convert 29b (base 13) to base 3.
122021
7a5 (base 14) to base 12
a65
94a (base 11) to base 7
3222
Convert 1420 (base 11) to base 15.
827
What is 1042 (base 10) in base 4?
100102
-1320130 (base 5) to base 15
-7bca
Convert -111001010100 (base 2) to base 12.
-2158
Convert -a336 (base 11) to base 3.
-200210212
1211 (base 4) to base 8
145
What is -313531 (base 6) in base 13?
-b794
What is 22482 (base 10) in base 16?
57d2
4cb6 (base 13) to base 16
2ad5
What is 1001011010110 (base 2) in base 6?
34154
-23123 (base 4) to base 8
-1333
What is -1284 (base 13) in base 12?
-1643
Convert 498a (base 15) to base 7.
63433
Convert -71 (base 11) to base 14.
-58
Convert -52251 (base 6) to base 3.
-100121211
What is -3b99 (base 15) in base 6?
-135000
Convert 110101101010111 (base 2) to base 11.
19711
What is 230 (base 4) in base 3?
1122
What is -3505 (base 6) in base 3?
-1010212
Convert 331 (base 8) to base 2.
11011001
Convert 4001414 (base 5) to base 16.
f50e
-654 (base 10) to base 16
-28e
Convert -911 (base 12) to base 2.
-10100011101
What is 1b27 (base 14) in base 8?
11507
What is -1022112 (base 3) in base 2?
-1110111111
What is -3b4 (base 15) in base 11?
-6a8
What is 54021 (base 7) in base 11?
a075
3a5e (base 15) to base 9
18078
Convert -113 (base 16) to base 6.
-1135
What is 232033 (base 4) in base 8?
5617
What is 210001 (base 3) in base 4?
20320
-832 (base 10) to base 14
-436
What is 1043 (base 6) in base 16?
f3
What is 6062 (base 8) in base 7?
12050
Convert 3144 (base 5) to base 7.
1144
What is -22102222 (base 3) in base 8?
-14013
What is 104c (base 16) in base 13?
1b8c
Convert 3a6d (base 14) to base 15.
30ae
-40534 (base 6) to base 5
-133021
What is -133 (base 7) in base 3?
-2201
What is 236512 (base 7) in base 14?
11a09
Convert -1229 (base 11) to base 7.
-4451
Convert 1536 (base 9) to base 15.
52c
Convert -602 (base 7) to base 11.
-24a
Convert -10434 (base 6) to base 2.
-10110110110
Convert 4c0 (base 16) to base 13.
727
1d49 (base 14) to base 13
2591
9294 (base 10) to base 14
355c
-27 (base 16) to base 10
-39
What is -10010001110111 (base 2) in base 15?
-2b75
Convert 6828 (base 13) to base 15.
44b3
77636 (base 8) to base 9
48730
Convert -41b (base 14) to base 16.
-329
1411131 (base 5) to base 10
28916
What is -21202 (base 5) in base 13?
-85a
What is -2283 (base 14) in base 10?
-5995
What is -131445 (base 6) in base 8?
-27425
What is -1001000000111000 (base 2) in base 13?
-13a60
What is 6244 (base 8) in base 4?
302210
1940 (base 12) to base 8
6000
-34032 (base 5) to base 9
-3247
Convert -1400042 (base 5) to base 16.
-6df3
What is 5282 (base 13) in base 4?
2302211
What is -11212 (base 4) in base 12?
-25a
Convert -43556 (base 8) to base 4.
-10131232
-121344 (base 5) to base 9
-6270
-30000 (base 4) to base 6
-3320
What is -9906 (base 10) in base 16?
-26b2
Convert aa6 (base 13) to base 2.
11100100010
What is -f0 (base 16) in base 15?
-110
Convert 2055 (base 8) to base 2.
10000101101
512311 (base 7) to base 8
252355
76 (base 16) to base 10
118
What is 101010000111100 (base 2) in base 16?
543c
Convert -33330 (base 5) to base 11.
-1838
Convert -1b98 (base 14) to base 8.
-11652
Convert 110200212 (base 3) to base 11.
6a56
What is -33264 (base 8) in base 14?
-5164
What is -6032 (base 7) in base 6?
-13345
What is -63 (base 16) in base 9?
-120
What is 1892 (base 15) in base 4?
1103000
-16821 (base 11) to base 5
-1223433
455 (base 12) to base 13
3a4
Convert -362 (base 11) to base 2.
-110101111
49a1 (base 13) to base 3
112022200
Convert 4435 (base 6) to base 5.
13111
12a7 (base 12) to base 3
2221101
-35d (base 14) to base 6
-3035
What is -20112 (base 4) in base 16?
-216
Convert -34403 (base 5) to base 7.
-10140
What is 55a (base 12) in base 4?
30112
-24310 (base 5) to base 11
-1414
5bb (base 13) to base 12
6b3
-2a3 (base 11) to base 8
-543
-123 (base 6) to base 8
-63
132362 (base 9) to base 13
2a836
Convert -2947 (base 13) to base 15.
-1b84
Convert -223 (base 12) to base 2.
-100111011
202100222 (base 3) to base 16
3a01
What is 102001122 (base 4) in base 10?
73818
What is 11111010000001 (base 2) in base 12?
9315
Convert -12212002 (base 3) to base 5.
-114033
-ca0 (base 14) to base 10
-2492
Convert 131034 (base 6) to base 4.
2321332
-413121 (base 5) to base 9
-20510
What is 2072 (base 8) in base 5?
13312
153113 (base 7) to base 15
8cd5
What is 101111100011 (base 2) in base 5?
44133
What is 3061 (base 10) in base 12?
1931
Convert -4941 (base 14) to base 11.
-9684
Convert -111111110100 (base 2) to base 14.
-16ba
-45603 (base 11) to base 15
-14818
What is 1336 (base 7) in base 12?
371
-1000001001111 (base 2) to base 4
-1001033
14281 (base 9) to base 6
112544
Convert -3300 (base 4) to base 16.
-f0
What is 1100002112 (base 3) in base 13?
bc90
What is -4310 (base 6) in base 12?
-696
Convert -263b (base 12) to base 16.
-110f
What is -11000000100 (base 2) in base 4?
-120010
Convert 4001 (base 5) to base 4.
13311
d4 (base 15) to base 2
11000111
-1107 (base 8) to base 10
-583
Convert 84a (base 12) to base 2.
10010111010
-56459 (base 11) to base 16
-13f4b
-104710 (base 8) to base 12
-184b4
Convert -3340 (base 5) to base 9.
-572
What is -4bb6 (base 14) in base 13?
-6086
What is -11220 (base 3) in base 5?
-1012
Convert 675 (base 14) to base 3.
1202101
10101110011001 (base 2) to base 12
6561
What is 37426 (base 8) in base 3?
211011011
Convert 1561 (base 16) to base 4.
1111201
10155 (base 6) to base 16
557
Convert -36c5 (base 16) to base 5.
-422041
What is 2235 (base 9) in base 10?
1652
Convert 13668 (base 10) to base 8.
32544
What is 1622 (base 11) in base 12?
1255
554 (base 8) to base 15
194
Convert -154aa (base 11) to base 15.
-6750
-1443 (base 11) to base 14
-970
Convert 3296 (base 10) to base 2.
110011100000
56330 (base 7) to base 9
21462
Convert 11111001011 (base 2) to base 15.
8d0
What is -2412 (base 6) in base 9?
-718
Convert 210221 (base 3) to base 10.
592
-11c (base 13) to base 11
-167
Convert 1213012 (base 5) to base 3.
1011101111
What is -10112222 (base 4) in base 7?
-102665
11300 (base 7) to base 9
3862
What is -66 (base 8) in base 16?
-36
8387 (base 11) to base 9
16210
What is -12 (base 10) in base 14?
-c
375 (base 11) to base 15
1ea
Convert -1565 (base 11) to base 14.
-a35
Convert 15512 (base 7) to base 16.
1112
What is -1723 (base 14) in base 5?
-113042
10101000110 (base 2) to base 4
111012
Convert 2706 (base 8) to base 3.
2000202
180 (base 16) to base 12
280
What is 11440 (base 10) in base 14?
4252
-38 (base 14) to base 5
-200
Convert 203 (base 9) to base 4.
2211
What is 1a73 (base 11) in base 8?
5075
1313223 (base 4) to base 12
4523
What is -210001 (base 3) in base 11?
-477
Convert 543 (base 6) to base 3.
21200
Convert -2733 (base 11) to base 15.
-10b5
5a1 (base 14) to base 3
1112112
Convert -1a0 (base 13) to base 8.
-453
Convert 6580 (base 11) to base 4.
2013213
-55b (base 12) to base 11
-65a
401 (base 10) to base 13
24b
Convert -3032023 (base 5) to base 12.
-24445
201220 (base 3) to base 12
389
Convert -45645 (base 9) to base 16.
-76d0
What is -10021210 (base 3) in base 12?
-1479
Convert -28b (base 13) to base 3.
-121210
Convert -8841 (base 11) to base 9.
-16886
What is 222020 (base 6) in base 5?
1043323
What is 110010 (base 3) in base 6?
1303
286c (base 14) to base 15
21bc
Convert 204410 (base 7) to base 15.
a65e
-3ba (base 14) to base 9
-1025
What is -231434 (base 6) in base 8?
-46556
What is -6171 (base 14) in base 5?
-1014014
Convert -b7c (base 13) to base 15.
-8ac
18c (base 13) to base 15
140
Convert 315 (base 15) to base 12.
49b
What is 225205 (base 6) in base 8?
45545
What is -1a4 (base 12) in base 13?
-178
-55104 (base 6) to base 9
-11374
What is -9258 (base 11) in base 10?
-12284
What is -12081 (base 10) in base 15?
-38a6
Convert 142 (base 